ainder when 40 is divided by r?
7
Let v be (140/16 + -5)/((-2)/8). Calculate the remainder when v*(4 + 156/(-30)) is divided by 7.
4
Let f = -12413 - -12441. What is the remainder when 964 is divided by f?
12
What is the remainder when ((-14)/21)/(20/(-384930)) is divided by 186?
183
Let x be -2*(-4)/(-10) + (-18)/(-10). Let p be 0/x + (-12 - 3). What is the remainder when 76 is divided by (1 + 0)*(-1 - (1 + p))?
11
Suppose -4*r - j = -68, 3*r + 2*r + j = 86. What is the remainder when r is divided by 352/36 - (4922/207 - 24)?
8
Let w = -17 - -38. Let f = -50 + 56. What is the remainder when 4/f + 910/w is divided by 12?
8
Suppose 0 = 16*j - 7*j - 1233. Let k = j + -120. Suppose 2*d - 4*d = -132. Calculate the remainder when d is divided by k.
15
Let z be -1 + -3 - (8 + -14). Suppose -z*o - o + 9 = 0. Suppose 0 = -12*d + 50 + 118. What is the remainder when d is divided by o?
2
Suppose 25 = p + 11. Let w = 24 - p. What is the remainder when ((-1)/w*8)/((-1)/20) is divided by 8?
0
Let o(v) = -v**3 + 77*v**2 - 147*v - 96. What is the remainder when 348 is divided by o(75)?
90
Suppose 30 = -2*h + 44. Suppose 13 - 41 = -h*a. Calculate the remainder when 54 is divided by a.
2
Let w(f) = f**3 - 516*f**2 - 4203*f + 19. Suppose -4*i + 53 = -11. Calculate the remainder when w(-8) is divided by i.
11
Suppose j - 2*x + 6 = 0, -6 = -3*j - 2*x + 8. Suppose 3*o - 2*z = 160, -j*o + z - 2*z = -102. Calculate the remainder when 571 is divided by o.
51
Let y be -5 + ((-86)/(-10) - 34/(-85)). Suppose 31 = -8*v + 11*v - 2*a, -y*v = -a - 33. Calculate the remainder when 16 is divided by v.
2
Calculate the remainder when 858 is divided by (-12)/9 - (-3 + (-8410)/30).
12
Let a = 533 + -353. Let x = 183335 - 183304. What is the remainder when a is divided by x?
25
Let c(j) = -2*j**3 - 112*j**2 - 2*j + 115. Calculate the remainder when c(-56) is divided by 89.
49
Suppose 15*n = 26*n - 462. Suppose 5*y + 78 + 57 = 5*b, 2*y - n = -2*b. What is the remainder when 68 is divided by b?
20
Suppose -4*q = 2 - 14. What is the remainder when (-53)/((-1378)/156) + (0 - (2 + -35)) is divided by q?
0
Let t(p) = p**2 + p + 10. Let u = 831 - 823. Calculate the remainder when t(u) is divided by 30.
22
Suppose 6406 + 13466 = 144*k. What is the remainder when 963 is divided by k?
135
Let r(f) = 9*f**3 - f. Let x be 5/(20/(-162)) + (-5)/(-10). Let v = x - -58. Calculate the remainder when v is divided by r(1).
2
Suppose -113*i - 156*i = -4121 - 16592. What is the remainder when 1068 is divided by i?
67
Suppose 2*m - r = 124, -42*m - 118 = -44*m + 4*r. What is the remainder when 313 is divided by m?
61
Suppose j + 17*u - 19*u - 421 = 0, 3*j = -2*u + 1239. What is the remainder when j is divided by 133?
16
Let g(v) = v**2 + 6*v - 149. Calculate the remainder when g(19) is divided by 11.
7
Let c(i) = 15*i + 2020. Calculate the remainder when c(-107) is divided by 14.
9
Let f(a) = -a - 6. Let p = -64 - -16. Let z = 40 + p. What is the remainder when 2 is divided by f(z)?
0
Let f be (3/15)/((-1)/(-5)). Let l be f/6 + (-13970)/(-60). Let m = l - 130. Calculate the remainder when m is divided by 26.
25
Let w = 1230 + 6212. What is the remainder when w is divided by 3?
2
Let p(n) = -n**3 - 12*n**2 - 5*n - 25. Let c = 77 - 78. Let y be (c - 12) + 5 + -4. Calculate the remainder when p(y) is divided by 10.
5
Let m(o) be the second derivative of 8*o + 2/3*o**3 + 0 - 7*o**2. Calculate the remainder when 75 is divided by m(10).
23
Suppose -222*y = -5*y + 79*y - 609464. What is the remainder when y is divided by 148?
135
Let j(c) = c**3 - c**2 - 3*c - 4. Let q = 15 + -13. What is the remainder when (-1 - -127) + q/2 is divided by j(4)?
31
Let b = 18 + -11. Let d(j) = 2*j + 20. Let z be d(-18). Let c = b - z. Calculate the remainder when c is divided by 8.
7
Calculate the remainder when 304 is divided by -6*9/(-54)*77.
73
Let m(w) = -w**2 - 20*w + 62. Let l be m(-22). Suppose 295 = l*y + 61. Calculate the remainder when 103 is divided by y.
12
Let f(y) = -63*y + 1262. Calculate the remainder when 4821 is divided by f(16).
249
Let b = -2275 + 2353. What is the remainder when 940 is divided by b?
4
Let n = 401 - 399. Suppose 0 = n*o - 4*p + 10, -2 = 5*p - 17. Calculate the remainder when 18 is divided by o.
0
Suppose 0*p + 21*p - 126 = 0. Suppose 4*m + 277 = 7*m - c, -2*m = p*c - 158. Calculate the remainder when m is divided by 29.
4
Suppose -3*p - j + 6 = 0, -4*p - 2 = -5*p + 3*j. Suppose -5*c = -p*c + 3, 5*c = 3*q + 37. Let x = q - -35. What is the remainder when 102 is divided by x?
18
Let r(q) = -q**3 + 11*q**2 - 25*q + 164. What is the remainder when 114 is divided by r(10)?
2
Let l(w) = w**2 - 2*w - 2. Let o be 1 + 7/(0 + 1). Suppose 0 = 1518*d - 1526*d + 96. What is the remainder when l(o) is divided by d?
10
Suppose 3*b - 476 = 69*d - 73*d, 2*d - 3*b = 220. Calculate the remainder when 847 is divided by d.
35
Let v(g) be the second derivative of g**2 + 1/12*g**4 + 0 - 14*g - 1/6*g**3. What is the remainder when v(6) is divided by 9?
5
Suppose 49*a - 6820 = 1314. What is the remainder when a is divided by 2?
0
Let g = -2951 + 4248. Calculate the remainder when g is divided by 50.
47
Suppose 101*m - 82*m - 282 = 345. Calculate the remainder when 4776 is divided by m.
24
Let n(s) = 5*s**2 - 3*s + 3. Let g = -1234 + 1266. Calculate the remainder when n(-3) is divided by g.
25
Let t(w) = -4*w - 15. Let q be t(-10). Suppose 13*g = 18*g - q. What is the remainder when 26 is divided by g?
1
Let z = 119 + -13. Suppose -4400 = -2*m + 22*m. Let q = m + 247. Calculate the remainder when z is divided by q.
25
Suppose -4*p + 4*k + 148 = 0, -k = 2*k - 6. Let g(h) = -12*h + 67. Let u be g(-18). Let x = u + -269. What is the remainder when p is divided by x?
11
Let f(v) = -198*v + 997. Calculate the remainder when 17833 is divided by f(4).
203
Suppose -315 = -22*b + 18*b - 3*n, 8*b - 3*n - 657 = 0. Calculate the remainder when b is divided by -2*1*(-87)/6.
23
What is the remainder when 1402 is divided by (21/(-6))/((-56)/7456)?
4
Suppose -28 = -5*z - 3*h, 5*z - 6*h - 24 = -5*h. Suppose -q + 360 = 4*v, z*v + 3*q - 393 = 57. Calculate the remainder when v is divided by 13.
12
Let x(n) = -209*n - 820. Calculate the remainder when 74 is divided by x(-4).
10
Let o(j) = 4*j**2 - 32*j - 125. What is the remainder when 149 is divided by o(-3)?
2
Suppose -1332*q + 1372*q - 2480 = 0. Calculate the remainder when 6/(-27) - (-1532)/9 is divided by q.
46
Suppose -3*u = -4*m + 17, 5*u + 9*m = 4*m + 30. Let q be (-3)/(-6)*-242*u. Let o = -58 - q. What is the remainder when o is divided by 22?
19
Let p = 45 + -39. Suppose -3*j + p = -v, -2*j + v + 2 + 1 = 0. What is the remainder when 332/j*27/18 is divided by 28?
26
Let k = 65 + -46. Let x = 17 + -10. Suppose 0 = x*j - 9*j + 68. Calculate the remainder when j is divided by k.
15
Suppose 0 = z - 73 + 67. Let r be (z - 7)*(1 + 154). What is the remainder when (3 - 20/5)*r is divided by 53?
49
Suppose 11*x - 50 = x. What is the remainder when 265 is divided by (x - (-27)/6)*2?
18
Let j(w) = w**2 + w - 16. What is the remainder when j(7) is divided by 3?
1
Suppose -4*f + p - 3 + 42 = 0, -2*f + 3*p + 7 = 0. Suppose 5*w - 3*h - 151 = 0, 4*w + 2*h - 124 = 6*h. Calculate the remainder when w is divided by f.
7
What is the remainder when 11274/10 - ((-1326)/85 - -16) is divided by 57?
44
Let j = -8 + 49. Let g = -159 - 302. Let y = g - -483. Calculate the remainder when j is divided by y.
19
Let y = -1567 - -2039. Calculate the remainder when y is divided by 154.
10
Let c(d) = 2*d**3 + 5*d**2 - 39*d + 102. Suppose 60 = 4*m - 44. Calculate the remainder when c(4) is divided by m.
24
Suppose 0 = 17*h + 104 + 2718. Let v = -140 - h. Calculate the remainder when 72 is divided by v.
20
Suppose 4*j = 5*q - 88 + 25, q = 5*j + 21. Calculate the remainder when 2749 is divided by q.
10
Let n = -50 - -35. Let q(v) = -2*v - 30. Let a be q(n). Suppose a = -16*c + 18*c - 26. Calculate the remainder when 59 is divided by c.
7
Let z = -25 + 79. Suppose 0 = 3*j - 5*p - 94, 2*j + p + 0*p - z = 0. What is the remainder when 104 is divided by (20/(-8))/((-2)/j)?
34
Let q(h) = 4*h + 64. Let c be q(-8). Calculate the remainder when 29 is divided by (-7)/56 + 68/c.
1
Let p be (1112/(-6))/2 - (-3)/(-9).